-1 - i).
13
Let h(o) = o**2 - 4*o - 1. Let l be h(5). Let a(u) = -u**3 - u**2 + 5*u + 3. Let n be a(-3). Suppose l*v = 30 - n. List the prime factors of v.
2, 3
Let m = 102 + -60. What are the prime factors of m?
2, 3, 7
Suppose 0 = 2*f - 3 + 35. Let y be ((-2)/(-4))/((-2)/f). Let r = y + 12. What are the prime factors of r?
2
What are the prime factors of (-1)/(4 - 3)*(-76)/2?
2, 19
Let b(m) = 3*m**3 + m. Suppose -2*w + 2 = -0. Let d be b(w). List the prime factors of d/14 + (-206)/(-14).
3, 5
Let r(z) = z**3 - 7*z**2 + 6*z - 6. Let k be r(6). Let j be k*4/6 + 2. Let x(g) = 3*g**2 + 3*g + 1. What are the prime factors of x(j)?
7
Let g(i) = -i**2 - 14*i - 10. List the prime factors of g(-9).
5, 7
List the prime factors of 36/45 + (-3)/((-45)/948).
2
Suppose 0 = -h - 2*h + 12, -4*h = -4*r + 4. Suppose 3*a + 2*c - 14 = 0, -c = r*a + 2*c - 22. List the prime factors of a.
2
Suppose 3*x - 20 = y, 3*x + 0*y = -y + 22. Let s = x + 1. What are the prime factors of s?
2
Let q(l) be the third derivative of 1/24*l**4 + 0 + 1/2*l**3 + 0*l + 2*l**2. What are the prime factors of q(5)?
2
Let g(n) = -4*n**3 + 9*n**2 + 6*n + 5. Let t(u) = 5*u**3 - 9*u**2 - 5*u - 6. Let k(f) = -4*g(f) - 3*t(f). List the prime factors of k(10).
2
Suppose -5*f + 4*f + 4 = 0. Let v = -1 + f. Suppose 4*c - v*b = -0*c + 48, -b = 2*c - 24. What are the prime factors of c?
2, 3
Suppose 256 = 4*c - 2*k, -c - 3*k + 27 + 44 = 0. What are the prime factors of c?
5, 13
Suppose 0*r = -9*r + 18. Suppose 0 = 2*o - 3 - 3. Suppose g - r*l - 10 = -6*l, -o*g + 30 = 5*l. What are the prime factors of g?
2, 5
Let q(s) = 8*s**2 - s**3 + 2*s + 3*s**3 - 2*s**3 - s**3. List the prime factors of q(8).
2
What are the prime factors of (-1 - 11)*(-8)/3?
2
Let n = -98 + 166. What are the prime factors of n?
2, 17
Let x(s) = s**3 + 8*s**2 + 2*s + 5. Let y be x(-8). Suppose -12 = -3*m - m. Let a = m - y. List the prime factors of a.
2, 7
Let y = 4 - 8. Let b be 99/(-21) - y/(-14). Let i = 7 + b. What are the prime factors of i?
2
Suppose z + 37 + 6 = 0. Let t = -22 - z. What are the prime factors of t?
3, 7
Let g = 76 + -20. What are the prime factors of g?
2, 7
Let m = 0 - -1. What are the prime factors of m*-1 - (-30 + 13)?
2
Suppose -3*r - b - 4 = -13, 9 = 3*r + 5*b. Suppose 3*v - 2*z - 111 = z, r*z - 145 = -5*v. What are the prime factors of v?
2
Let i(t) = -2 + 2 - 18*t. Let r be i(-5). What are the prime factors of (4/10)/(3/r)?
2, 3
Suppose -2*v + 4 = 0, -3*m - 2*v - 91 = 2*m. Let p = m + 56. List the prime factors of p.
37
Let x(q) = q**3 - 5*q**2 - q + 4. What are the prime factors of x(6)?
2, 17
Suppose -5*n + 4*t + 28 = 0, 3*n - 2*t = 18 - 2. Suppose -49 + 5 = -n*b. What are the prime factors of b?
11
Let x(l) = -l**3 - 5*l**2 + l - 1. Let m be x(-4). What are the prime factors of -3*(m - -2) + 1?
2, 29
Let h(d) = -d + d**2 - 3 - d + 0. List the prime factors of h(-2).
5
Suppose -5*b = -4*v - 33, -b = -0*v + 5*v - 24. Let t = -4 + b. What are the prime factors of t?
5
Let s(c) = c**2 + 4*c + 1. Let b be s(-3). Let d(a) = -2*a - 1. Let z be d(b). List the prime factors of 28/3 - z/9.
3
Let f = 0 + 3. Suppose -3*v + 33 = -f*a, -4*v - 5*a = -a - 84. List the prime factors of v.
2
Let b(d) = d - 5. Let j be b(0). Let o(f) = -f**3 - 5*f**2 - 3. Let g be o(j). What are the prime factors of (g + 4)/((-2)/(-22))?
11
Suppose -z + 2*z - 34 = -3*t, 4*z + 8 = 0. List the prime factors of t.
2, 3
Let t(l) = -l - 3. Let m be t(-6). Suppose -2*a + m*a = 5. Suppose -a*k + 37 = -33. List the prime factors of k.
2, 7
Let u = 72 - 27. What are the prime factors of u?
3, 5
Suppose -5*l + 10 = -0. Suppose 6 = l*x + d, 5*x + d - 16 = x. What are the prime factors of x?
5
Let j be ((-2)/(-4))/((-6)/(-708)). Let s = j - 35. Suppose p - s = 3*o, -2*p - p + 20 = 4*o. List the prime factors of p.
2, 3
Let n be (-130)/(-3) - (-2)/3. Let o = n + -30. Suppose -q - 3*b = -o, -4*b - b = -20. List the prime factors of q.
2
Let s(r) = -9*r - 1. Let q be s(-3). Suppose q + 25 = 3*g. List the prime factors of g.
17
Let m be ((-5)/(-3) - 2)*0. Suppose m + 2 = k. What are the prime factors of k?
2
Let y(d) = 3 - d**3 + 2*d**2 - 4*d + 3*d**2 + 4 + 3*d**2. List the prime factors of y(7).
2, 7
Let z(b) = b**3 + 6*b**2 + 4*b - 1. Let u(p) = p**2 - 7*p - 5. Let n(v) = -4*v - 1. Let i be n(-2). Let k be u(i). List the prime factors of z(k).
2
Let f be ((-2)/4)/(4/(-192)). Let o = 8 + -22. Let b = o + f. What are the prime factors of b?
2, 5
Let j(o) = 26*o**2 + 2*o - 1. Let g be j(1). Let f = -10 + g. What are the prime factors of f?
17
Let u(c) = 3*c**2 - 5*c + 54. List the prime factors of u(-8).
2, 11, 13
Let h = 19 - 16. Suppose -p = h*z + 2*p - 102, -z + 54 = 5*p. List the prime factors of z.
29
Suppose -2*t + 13 - 9 = 0. Suppose -t*p = 37 - 113. List the prime factors of p.
2, 19
Let a be 1*((0 - -2) + -1). Suppose 4 = -3*w + a. List the prime factors of (3 - (1 + w))/1.
3
Let o(l) = 6 - 6 - 11 - 2*l - 1. What are the prime factors of o(-8)?
2
Suppose -2 = -5*a + 2*h, -4*a - 4 = -4*h + 4. Suppose 5 = 6*l - l - 5*z, 5*l + a*z = 40. Suppose -3*r = -i + 22, -r + l = i - 0*r. List the prime factors of i.
2, 5
Let q(d) be the second derivative of d**4/12 - 5*d**3/6 + d**2 + 2*d. Let z be q(6). Suppose a - z = 6. List the prime factors of a.
2, 7
Let y(o) = 2*o**2 + 6*o + 13. What are the prime factors of y(-8)?
3, 31
Suppose -q + 108 = 25. List the prime factors of q.
83
Let t(n) = -125*n - 6. What are the prime factors of t(-2)?
2, 61
Let h(l) = 2*l**2 + 4*l + 9. What are the prime factors of h(-8)?
3, 5, 7
Suppose -5*g = -114 + 24. What are the prime factors of g?
2, 3
Suppose 87 = 2*t + t. What are the prime factors of t?
29
Suppose 4*m = 0, -11 = g - 2*m + 21. Let o = -19 - g. List the prime factors of o.
13
Let t(m) = -m**3 + 2*m**2 + 2*m - 2. List the prime factors of t(-2).
2, 5
Let s = -68 + 214. List the prime factors of s.
2, 73
Let v(t) = -t**3 + 8*t**2 + 9*t + 4. Let b be v(9). Suppose -b*a + 19 = -0*f - f, -5*f + 37 = 2*a. List the prime factors of a.
2, 3
What are the prime factors of ((-545)/15)/(-1 - (-16)/18)?
3, 109
Suppose m + 2 = 2*m. Suppose -7*a + 50 = -m*a. List the prime factors of a.
2, 5
Suppose -1192 = -11*y - 345. What are the prime factors of y?
7, 11
Let d = 10 + -6. Let o = d - 2. Suppose z - 3*b = 15, 2*b = -o*z + 3*z - 11. List the prime factors of z.
3
Let n(f) = f**2 - 12*f - 5. Suppose 14*y - 60 = 10*y. List the prime factors of n(y).
2, 5
Let x(d) = d**2 - 4*d - 3. Suppose 2*v - 3*f + 5 = 0, 3*f - 1 = -2*v + 24. Let c be x(v). What are the prime factors of (1 - c)*1 + 9?
2
Suppose j = -v + 34, v - 69 = -2*j - 0*v. List the prime factors of j.
5, 7
Suppose -1 = 3*w - 16. Suppose 0 = -4*x + 2*a - 0*a + 10, 25 = -5*x - w*a. Suppose 3*c + 11 - 53 = x. What are the prime factors of c?
2, 7
Suppose 6*i - 11 = 3*z + i, z - 3*i + 9 = 0. What are the prime factors of z?
3
Let l(u) = 2*u**2 - 5*u + 3. Let v be l(3). Let f be -2*27/v - -1. What are the prime factors of ((-10)/f)/(1/4)?
5
Let a = 5 + -6. Let u = 1 + a. List the prime factors of (u/(-3) + -5)*-1.
5
Suppose -g = 3*g + 156. Let d = -23 - g. What are the prime factors of d?
2
Let d(f) be the second derivative of f**3/3 - f**2/2 + 3*f. Let t(g) = g - 2. Let b(u) = -3*d(u) + 4*t(u). List the prime factors of b(-8).
11
Let l = -8 - -9. List the prime factors of l/5 + 570/25.
23
Suppose 0*b = -3*b + 21. Suppose 6*y = b*y + 7. List the prime factors of (-2)/y + (-456)/(-21).
2, 11
Let s be (-1 + -3 + 3)*-2. Suppose 24 = s*t + t. List the prime factors of t.
2
Let y(g) = 8*g**2 + g + 1. Suppose -l + 9 = 2*m, m + 3*m = 4*l + 24. List the prime factors of y(l).
2
Let j(l) = -21*l + 57. List the prime factors of j(-15).
2, 3, 31
Suppose s = -2*s + 12. Suppose 4*g - 4 = -3*a - 1, 0 = -4*g + a - 1. Suppose g = u + s*u - 10. What are the prime factors of u?
2
Let n(m) = m**3 - m**2 + 4*m - 3. List the prime factors of n(3).
3
Let c(j) = 6*j. Let p be c(1). List the prime factors of ((-80)/28)/(p/(-21)).
2, 5
Let i be 32/4 - 1*3. Suppose -4*l - i*g = -92, -26 + 2 = -2*l + 3*g. What are the prime factors of l?
2, 3
Let h be (1/2)/(2/8). Suppose s = -h*s + 72. What are the prime factors of s?
2, 3
Let m(s) = 3*s**3 - s**3 - 3*s**2 + 5 - 3. Let u be m(2). Suppos